alculate (-20 - (-26 + 34)) + (3 - (3 + -4)).
-24
What is the value of 5 - (4 - (10 + -21 + 8))?
-2
Evaluate 0 - (-19 + -14 + 7).
26
Evaluate 0 + -17 + -9 + -7.
-33
Evaluate -4 + -16 + 35 + -7.
8
Evaluate (-1 - 31) + (264 - 246).
-14
Calculate 39 - (3 - 4) - 2 - (18 - 12).
32
What is the value of -1390 - -1386 - (-23 - 0)?
19
What is the value of -17 + (-18 - -4) - (-7 + 5)?
-29
What is the value of (1 + 1 - (186 + -198)) + 15?
29
What is the value of 0 - (0 + -18 + 44 + -35)?
9
What is the value of (-10 + 17 - -1) + -16?
-8
Calculate 9 + -12 - -21 - 18.
0
Evaluate -25 + (8 - 1 - (65 + -53)).
-30
What is the value of 18 + -44 - -28 - -3?
5
Calculate (-80 - -77) + -3 + 0.
-6
Evaluate 3 - (14 - -2 - (-13 + (7 - -12))).
-7
Evaluate (-4 - (-4 + (7 - 1))) + -2.
-8
What is the value of 4 + (2 + -8 - (11 - (2 + 1)))?
-10
Calculate (0 - 6 - 1) + (-54 - (52 + -109)).
-4
2 - (2 - 5) - (5 - 11)
11
Calculate -14 + -15 + 10 + 10.
-9
Calculate -16 + (1 - -12 - (7 + -5)).
-5
What is -221 + 222 - (1 + (1 - (0 - 33)))?
-34
What is the value of 19 + (3 - 20) + (-24 - -3)?
-19
Evaluate -5 + 23 - (-33 - -33).
18
What is the value of 13 + -2 + -29 + 11 + -4?
-11
(-3 - (-1 + -2) - 3) + 2 + 11
10
What is the value of -2 + 2 + 6 + 0 + -6 + -28?
-28
What is (333 - 327) + (-10 - (2 + (-3 - -1)))?
-4
8 - (-6 + 11 + 1) - (-1 + -3)
6
Calculate 0 + -19 - -6 - (-9 - 26).
22
What is the value of (1 - 6) + 12 + (-2 + 3 - -19)?
27
Evaluate (-10 - -21) + -9 + (12 - (-4 - -8)).
10
What is the value of (13 - 26) + 6 + 1 + 7?
1
What is the value of (-6 - (1 + -1)) + (766 - 772)?
-12
Evaluate -7 - (-7 + 5 + -3) - 9.
-11
What is -12 + (0 - -1) + 2 - (-141 - -137)?
-5
Calculate 102 + -102 + -6 + (-2 - -1).
-7
(-12 - -1) + -20 + (23 - -19)
11
Calculate 7 - (-4 + (-4 - -1 - -14 - 6)).
6
What is the value of -3 - (13 - 29) - 4?
9
Evaluate (-1 - -4) + (2 - -14) + -18.
1
What is the value of -19 + (4 - -2 - (15 - 4))?
-24
What is the value of (-3 - (8 - 9)) + 21 + -3?
16
What is (-18 - (-30 - -12)) + -2 - (-7 - 0)?
5
What is -11 - (7 - 3 - (1 + (4 - 1)))?
-11
What is the value of -99 + -38 + 74 - -42?
-21
What is the value of 5 - (13 + -16 - 2)?
10
(6 - 15) + (3 - -5) + 6 + 1
6
What is -94 + 106 + (3 - 4) + -35?
-24
What is the value of 4 + -2 - ((-3 - (12 + -14)) + 1)?
2
What is -3 + -4 + 14 + 5 + -7 + 0?
5
What is -2 + -2 + (-5 - (-20 + 5)) + -15?
-9
What is the value of -16 - -4 - (35 + -77)?
30
What is the value of 18 + -4 - 7 - 5?
2
What is 10 + (10 - 17) + -4?
-1
What is -50 - -46 - (-3 + 9)?
-10
-9 - (4 + -4 + -15)
6
What is 18 + 1 - (-3 + 19)?
3
Calculate 18 + 9 + -41 + -1 + 8.
-7
What is 55 - 100 - (4 - 16 - 1)?
-32
What is the value of 11 + 26 - (35 - 17 - 12)?
31
What is (1 - 4) + (4 + -14 - -7)?
-6
-32 + 39 + 8 + 6 + -2
19
What is the value of -4 + 17 - 22 - -10?
1
-6 - -22 - (-13 - -36)
-7
What is the value of -17 + (-6 + -4 - -8 - (2 + -4))?
-17
What is -14 - ((-12 - -14) + 0)?
-16
-11 - -4 - (-2 + 10 + -18)
3
Evaluate (-3 - (-4 + (-6 - (-7 + -4)))) + 1.
-3
Evaluate (-56 + 55 - (-1 - -20)) + 7.
-13
Evaluate (2 + -12 - -19) + (-1 - -3).
11
Evaluate -2 + -2 + -15 + 25 + 29.
35
-2 + (2 - 0 - (12 - (14 - 0)))
2
What is -318 - -312 - ((-1 - 1) + -11)?
7
Evaluate 55 + -28 - 29 - (-15 - (-2 - -2)).
13
Evaluate -14 + (-1 + 7 + 4 - 9).
-13
What is the value of -30 + (7 + 1 + -4 - (21 + -23))?
-24
What is -128 - -96 - ((4 - 16) + -1)?
-19
Calculate 1 + 1 + (-2 - -5) + 15 + -11.
9
Evaluate -6 + 19 + -13 + -13 - 2.
-15
What is the value of 44 + -48 - (-2 - (3 + -1 - -8))?
8
2 + 0 + (-2 - 6) - (-13 + 19)
-12
-30 + (29 - (7 - (6 - 16)))
-18
Evaluate -20 + 10 + (0 - -4) + 16.
10
Calculate 19 + -22 - (0 - 19).
16
(34 - (6 + (-2 - -8))) + -16
6
Calculate (-5 - -4) + -8 + -4 + 5 + 4.
-4
Calculate -8 + 8 + -3 + -2 - -19.
14
Evaluate 7 - -3 - (30 + -7 + -4).
-9
Calculate (2 - 38) + (25 - 5).
-16
(5 - 10 - 1) + (-5 - 2)
-13
What is ((11 - (11 - 5)) + 2 - 4) + -16?
-13
What is 1 - (6 + -9 + 2) - -3 - -1?
6
What is the value of -5 - (-4 + 15 - 5) - (3 + 19)?
-33
Calculate -92 + 94 - (1 - -3) - 1.
-3
What is (-70 + 40 - -41) + -1 + 0 - -11?
21
Evaluate -22 - ((7 - -2) + -46 + 28).
-13
What is -20 + (11 + -3 - 3 - 11) + 9?
-17
What is -8 - (-1 - -9) - (2 - -5)?
-23
What is the value of -2 + -3 - 11 - -8 - -13?
5
Evaluate 0 - 10 - (19 + -5 + -23).
-1
Evaluate (-19 - 1) + (-124 - -136).
-8
What is the value of -8 - -1 - (83 - 72)?
-18
What is the value of 7 + 0 + 0 + 70 + -73 - 6?
-2
Calculate (-44 - -126) + -107 - ((1 - 2) + 12).
-36
What is the value of (-1 + 3 - ((-14 - 3) + 20)) + -10?
-11
What is the value of 0 + 8 + (1 - -2) + -25?
-14
(5 - 1 - (-46 - -25)) + (-1 - 6)
18
Evaluate (3 - -17) + (-7 + 1 - 3).
11
What is 8 - (-2 + -9) - 16?
3
What is the value of 27 + -19 + -10 + 9 + 3?
10
Calculate -56 + 36 - (-1 - -3) - -9.
-13
-44 - -33 - (5 + -5)
-11
Calculate 2 - -6 - ((-12 - 2) + (-39 - -45)).
16
What is the value of (-1 + 3 - (6 + -5) - -3) + 5?
9
What is -2 + -8 + 28 + -14?
4
Evaluate (4 - 1) + -6 + 15 + (6 - 9).
9
What is 3 - (13 - (-8 + 7))?
-11
What is -14 + (5 - 28) + -4 + 5?
-36
(13 - -2 - (6 - (-2 + 2))) + -6
3
What is -6 - -1 - (-83 - -90)?
-12
Calculate (-12 - (-1 + 2 + -9)) + 11.
7
What is (-7 - -3) + 0 - (-13 - -3) - 17?
-11
Evaluate 24 - (13 - -10) - (1 - -5) - -8.
3
(2 - -12 - 3) + -9
2
Calculate 17 - (-27 - -17 - -25).
2
What is the value of (8 - -1) + (35 - 46) + -7?
-9
(-14 - -12) + 10 + -7 + 3 + -3
1
Evaluate -18 + 14 + -5 - 6 - -3.
-12
1 + (2 - (11 - 18))
10
Evaluate 0 + 1 - (-1 + (7 + -3 - 4)).
2
What is 4 + (1 - (-4 - 0)) + -28 + -1?
-20
What is the value of 15 + (-8 - (0 + -5) - 7)?
5
Evaluate -1 + (15 - 2) + 391 + -379.
24
What is the value of 19 - (-4 + (6 - 3)) - (9 + -17)?
28
Calculate 2 + 2 + -4 + 10 - 1.
9
Calculate 19 - (13 - -7) - (-1 + -4).
4
Evaluate (47 - 77) + (59 - -3).
32
18 + -16 - -12 - 5
9
-7 + (-4 - (-10 - -1 - 9))
7
Calculate 2 + 4 + (-9 - (-11 - -2)).
6
Evaluate (-4 - -2) + 13 + -5 + 14.
20
What is the value of -3 + (19 + -13 + -15 - (8 - 1))?
-19
(3 - 0) + (101 - 125)
-21
(4 - (1 - -7)) + (2 - (-2 - -5))
-5
20 - (-9 + 89 + -40)
-20
What is the value of 35 + -7 - (107 - 54)?
-25
Calculate 5 - (3 + -9 + 17).
-6
Calculate -7 - (-5 + 8) - -9 - 13.
-14
(-106 - -107) + (12 - ((-3 - -3) + 0))
13
Evaluate -15 - (7 + -8 + (-1 - -11) + -5).
-19
Evaluate (-77 - -73) + (11 - 2).
5
What is 21 + 6 + 4 + -16?
15
Evaluate 93 - 79 - (5 - -1).
8
Evaluate -4 + 0 + 1 + (0 - 13 - -2).
-14
Calculate 25 + -21 + 27 + -15.
16
What is the value of 15 - 25 - (4 - 2 - 5)?
-7
Evaluate 2 + -4 + (-17 - -19) - (-1 - -13).
-12
What is the value of (2 - -19) + -30 - -4?
-5
Evaluate 6 + (1 - 3) + 1 - (598 - 594).
1
-4 - (13 - 4 - (2 + 2)) - 19
-28
Evaluate -2 - -8 - (-5 + 4).
7
Calculate -14 + -9 - (4 - 16) - (0 - 40).
29
What is -12 - -12 - 0 - -2?
2
Calculate (6 - 0 - -8) + -20.
-6
What is the value of (0 + -1 - (0 + 2)) + (-204 - -223)?
16
Evaluate -3 - -4 - (1 + 6 - (0 - 0)).
-6
What is the value of (2 - -15) + (0 - 12 - (290 - 307))?
22
Evaluate 15 + -15 - 7 - (-15 + 5).
3
-6 - (17 + (-26 - -4))
-1
10 - (18 + -7) - (0 + 1) - -4
2
Calculate -5 - (-6 + (6 - (-2 - -4)) + 3).
-6
What is -28 - -21 - (3 - 5 - (-3 + 17))?
9
What is the value of (3 - (-3 - 0)) + -3 + 3 - -5?
11
Evaluate -17 - (2 + (13 - 8) + -10).
-14
What is the value of 2 - (-6 - -2 - -4)?
2
What is (4 - 15) + -11 + (8 - -1)?
-13
What is (0 - (13 + -12)) + (-5 - 3)?
-9
What is the value of (-3 - (0 - -3)) + -66 + 62?
-10
-5 + (-21 + (12 - 5 - 2) - -10)
-11
What is the value of (1 - -11) + (1540 - 1550)?
2
What is 7 - 5 - 57 - -22?
-33
Evaluate -17 - (23 - (-2 - -14) - 26).
-2
(0 - 1 - -7) + -2 + 2
6
7 - ((9 - -21 - 28) + 4 + -1)
2
What is 21 + -12 + 37 + -36?
10
7 - 21 - 1 - -7 - (4 - 0)
-12
11 + -47 + 3 + 16 + -1
-18
What is 1 - -9 - (-5 + 23)?
-8
49 - 22 - (-4 + (0 - 3) + 13)
21
Evaluate (-54 - -38) + 7 + 35 + -2.
24
What is the value of 958 + -1003 - (-9 + -1)?
-35
Evaluate (-33 - -67) + (-13 - 4).
17
What is 4 + (-3 - -1) + 1 + 5?
8
3 + (-13 - -3) + (18 - (5 + 15))
-9
What is the value of (0 - 5 - 5) + 5 + 21 + 4?
20
(6 - 1) + 1 + 2 + -33 + 0
-25
What is the value of -77 + 39 + (1 - -26)?
-11
-2 - ((-4 - -1) + -4 + -1)
6
9 + -16 + 9 + (2 - (5 + -5))
4
Calculate -17 + (21 + -17 - 4).
-17
What is (16 - 26) + 48 + 